{"id":3742,"date":"2026-01-27T11:23:39","date_gmt":"2026-01-27T10:23:39","guid":{"rendered":"https:\/\/www.temis.org\/?post_type=event&#038;p=3742"},"modified":"2026-01-27T11:23:39","modified_gmt":"2026-01-27T10:23:39","slug":"innovation-crunch-time-utbm-2026","status":"publish","type":"event","link":"https:\/\/www.temis.org\/en\/agenda\/innovation-crunch-time-utbm-2026\/","title":{"rendered":"Innovation Crunch Time UTBM 2026"},"content":{"rendered":"\n<p class=\"has-small-font-size\"><strong>Axone \u2013 6, Rue du Commandant Pierre Rossel, Montb\u00e9liard.<\/strong> <strong>Du 16 AU 20 mars 2026.<\/strong><\/p>\n\n\n\n<p>Faire se rencontrer les besoins en innovation et le regard des \u00e9tudiants de l&#8217;UTBM, c&#8217;est tout l&#8217;objet de cet \u00e9v\u00e9nement. Le d\u00e9p\u00f4t de dossiers pour la 7<sup>e<\/sup> \u00e9dition de l&#8217;Innovation Crunch Time est encore possible jusqu&#8217;au 15 f\u00e9vrier. L&#8217;Innovation Crunch Time s\u2019affirme comme un levier majeur pour accompagner les \u00e9tudiants dans leur mont\u00e9e en comp\u00e9tences, tout en les pr\u00e9parant \u00e0 relever les d\u00e9fis du monde professionnel.\u00a0Il est le plus important d\u00e9fi technologique universitaire fran\u00e7ais. En chiffres, le Crunch Time, c&#8217;est : 5 jours de challenge, plus de 1 600 \u00e9tudiants, 160 projets technologiques, plus de 150 encadrants.<\/p>\n\n\n\n<p class=\"has-small-font-size\"><strong>Plus d&#8217;informations et d\u00e9p\u00f4t des projets <a href=\"https:\/\/innovation-crunch.utbm.fr\/\" target=\"_blank\" rel=\"noopener\">ici<\/a>.<\/strong><\/p>\n\n\n\n<p><\/p>\n","protected":false},"featured_media":3743,"template":"","meta":{"_acf_changed":true},"class_list":["post-3742","event","type-event","status-publish","has-post-thumbnail","hentry"],"acf":[],"_links":{"self":[{"href":"https:\/\/www.temis.org\/en\/wp-json\/wp\/v2\/event\/3742","targetHints":{"allow":["GET"]}}],"collection":[{"href":"https:\/\/www.temis.org\/en\/wp-json\/wp\/v2\/event"}],"about":[{"href":"https:\/\/www.temis.org\/en\/wp-json\/wp\/v2\/types\/event"}],"wp:featuredmedia":[{"embeddable":true,"href":"https:\/\/www.temis.org\/en\/wp-json\/wp\/v2\/media\/3743"}],"wp:attachment":[{"href":"https:\/\/www.temis.org\/en\/wp-json\/wp\/v2\/media?parent=3742"}],"curies":[{"name":"wp","href":"https:\/\/api.w.org\/{rel}","templated":true}]}}

<p class="has-small-font-size"><strong>Axone – 6, Rue du Commandant Pierre Rossel, Montbéliard.</strong> <strong>Du 16 AU 20 mars 2026.</strong></p>



<p>Faire se rencontrer les besoins en innovation et le regard des étudiants de l&#8217;UTBM, c&#8217;est tout l&#8217;objet de cet événement. Le dépôt de dossiers pour la 7<sup>e</sup> édition de l&#8217;Innovation Crunch Time est encore possible jusqu&#8217;au 15 février. L&#8217;Innovation Crunch Time s’affirme comme un levier majeur pour accompagner les étudiants dans leur montée en compétences, tout en les préparant à relever les défis du monde professionnel. Il est le plus important défi technologique universitaire français. En chiffres, le Crunch Time, c&#8217;est : 5 jours de challenge, plus de 1 600 étudiants, 160 projets technologiques, plus de 150 encadrants.</p>



<p class="has-small-font-size"><strong>Plus d&#8217;informations et dépôt des projets <a href="https://innovation-crunch.utbm.fr/" target="_blank" rel="noopener">ici</a>.</strong></p>



<p></p>
